7084990 and 190?
190
What is the greatest common divisor of 2720871 and 1215?
243
Calculate the highest common divisor of 1476 and 1616958.
738
Calculate the highest common divisor of 16523553 and 65352.
1167
What is the greatest common divisor of 3744045 and 1015?
145
Calculate the greatest common factor of 3878120 and 940.
20
Calculate the highest common factor of 5000 and 8097625.
125
What is the greatest common factor of 27 and 58210389?
9
Calculate the greatest common factor of 368 and 23299253.
23
What is the greatest common factor of 89999 and 50783?
43
Calculate the greatest common factor of 7550358 and 266435.
4099
Calculate the greatest common factor of 161828 and 722476.
92
What is the highest common divisor of 7942 and 14350358?
418
What is the highest common divisor of 815568 and 157872?
624
Calculate the highest common divisor of 78682831 and 191771.
2701
What is the greatest common factor of 1406019431 and 5443?
5443
What is the highest common divisor of 95261957 and 7?
7
Calculate the highest common factor of 57 and 870651003.
57
What is the highest common divisor of 43192 and 1696?
8
What is the highest common factor of 98 and 5495336?
14
Calculate the highest common factor of 252 and 18690497.
7
Calculate the highest common divisor of 6246 and 260289.
9
What is the greatest common divisor of 10510230 and 1330?
190
Calculate the highest common divisor of 10773276 and 102147.
1293
Calculate the highest common divisor of 961 and 622852.
31
What is the highest common factor of 124374072 and 60?
12
What is the greatest common factor of 135800068 and 152?
76
What is the greatest common divisor of 9130 and 2695385?
55
Calculate the greatest common divisor of 149252929 and 371.
371
Calculate the highest common factor of 28271 and 35139.
17
What is the highest common divisor of 640641 and 187413?
537
What is the highest common divisor of 4050 and 2943?
27
What is the highest common factor of 33904 and 24952?
8
What is the highest common factor of 6611598 and 84?
42
What is the highest common factor of 53872 and 9255883?
3367
What is the highest common factor of 363662 and 3516253?
2561
Calculate the greatest common factor of 1400 and 134740.
20
What is the highest common divisor of 319 and 64098353?
11
What is the greatest common divisor of 24983755 and 955?
955
What is the highest common factor of 165472186 and 34?
34
Calculate the highest common divisor of 54226502 and 2024.
506
What is the greatest common divisor of 286218 and 198?
18
What is the greatest common divisor of 3226080 and 80?
80
Calculate the greatest common divisor of 527 and 522699.
17
What is the highest common divisor of 367676 and 40596?
68
Calculate the highest common divisor of 987579 and 14457.
237
What is the highest common divisor of 1943968 and 2405?
13
Calculate the greatest common factor of 13610250 and 42080.
2630
What is the highest common divisor of 28030705 and 17?
17
Calculate the greatest common divisor of 530 and 5105278.
106
Calculate the highest common factor of 48072 and 1768649.
2003
Calculate the highest common factor of 320 and 215783200.
160
Calculate the greatest common factor of 7425 and 1145475.
675
Calculate the greatest common divisor of 15303946 and 24514.
1442
What is the greatest common factor of 32875872 and 2046?
186
Calculate the greatest common factor of 14963869 and 110975.
4439
Calculate the greatest common factor of 4196 and 10137536.
4196
Calculate the highest common factor of 1928 and 7664.
8
What is the greatest common factor of 472 and 3852?
4
Calculate the highest common factor of 19 and 78330255.
19
Calculate the highest common factor of 1143 and 7664577.
381
Calculate the greatest common divisor of 68176810 and 620870.
13210
What is the highest common factor of 1359 and 141196023?
1359
What is the greatest common divisor of 32252740 and 59670?
2210
Calculate the highest common divisor of 666805 and 1710.
95
Calculate the greatest common divisor of 46 and 356477805.
23
What is the greatest common divisor of 4419190 and 3868?
1934
Calculate the greatest common divisor of 344877 and 300423.
717
Calculate the highest common divisor of 8930831 and 3094.
1547
Calculate the highest common divisor of 70 and 762310.
10
What is the greatest common divisor of 826896 and 8050?
322
What is the greatest common divisor of 12054 and 112063?
49
Calculate the highest common divisor of 22320 and 265600.
80
Calculate the highest common factor of 1844216 and 1244.
4
What is the highest common factor of 713078184 and 104?
104
Calculate the highest common factor of 834 and 257046.
6
Calculate the greatest common factor of 185746 and 9878.
22
What is the greatest common divisor of 5748766 and 25574?
1346
Calculate the greatest common divisor of 2860 and 265226.
26
Calculate the highest common factor of 7302 and 25297779.
3651
Calculate the highest common factor of 1430 and 1288937.
13
Calculate the greatest common factor of 10 and 61106545.
5
Calculate the highest common factor of 26695 and 255797.
19
What is the highest common factor of 770 and 55123810?
70
Calculate the highest common divisor of 301 and 2351300.
7
Calculate the highest common divisor of 198351133 and 1084.
271
What is the greatest common factor of 109170895 and 940?
235
Calculate the highest common factor of 25437603 and 771.
771
What is the highest common divisor of 50610906 and 9?
9
Calculate the greatest common divisor of 837 and 50979105.
27
Calculate the highest common factor of 18154 and 4382.
626
Calculate the highest common factor of 4646064 and 1290.
258
What is the greatest common divisor of 5199 and 44907229?
1733
Calculate the greatest common divisor of 2355 and 169179903.
471
Calculate the greatest common divisor of 47348 and 2964.
76
Calculate the highest common factor of 28 and 6393030.
14
Calculate the highest common factor of 390 and 3699812610.
390
What is the greatest common divisor of 517 and 127853?
11
Calculate the highest common factor of 1999 and 7591.
1
What is the greatest common factor of 4 and 4905178?
2
Calculate the highest common divisor of 6178266 and 180.
18
What is the highest common divisor of 3935122 and 2303?
47
Calculate the greatest common divisor of 189 and 58178439.
27
What is the greatest common factor of 54 and 21102138?
18
What is the greatest common divisor of 265 and 206911205?
265
Calculate the highest common factor of 14809472 and 666.
74
What is the highest common divisor of 14755 and 196235?
65
What is the greatest common divisor of 355 and 2124249?
71
What is the highest common factor of 19 and 15972654?
19
What is the highest common divisor of 3588 and 3594708?
156
Calculate the greatest common factor of 150877 and 103777.
157
Calculate the greatest common factor of 75028 and 65788.
4
Calculate the greatest common divisor of 2020 and 2048180.
20
What is the highest common factor of 36911173 and 403?
403
What is the greatest common divisor of 139008 and 356352?
768
Calculate the highest common divisor of 120120 and 8437.
143
What is the greatest common divisor of 3795672 and 17897944?
14216
Calculate the highest common divisor of 375427476 and 108.
36
Calculate the highest common factor of 153401152 and 454.
454
What is the greatest common divisor of 783528620 and 3430?
3430
Calculate the greatest common divisor of 427905 and 504495.
1665
Calculate the greatest common divisor of 304362 and 73764.
18
Calculate the highest common divisor of 40669 and 929924.
607
Calculate the greatest common factor of 220 and 2838460.
20
What is the greatest common divisor of 560483 and 201289?
319
Calculate the greatest common divisor of 99771 and 415632.
21
Calculate the highest common factor of 99 and 140667219.
99
What is the highest common divisor of 1619468 and 80613?
53
Calculate the highest common divisor of 143815600 and 125.
25
What is the greatest common divisor of 78386258 and 212?
106
Calculate the highest common divisor of 646708 and 81962.
214
Calculate the greatest common factor of 25876292 and 1264.
316
Calculate the highest common factor of 88 and 3918574.
22
Calculate the greatest common factor of 2640 and 1892055.
165
Calculate the greatest common divisor of 55 and 26398064.
11
Calculate the greatest common divisor of 1